etermine m(-9).
-6
Let q(d) = d + 10. Calculate q(-10).
0
Let m(c) = 6*c**3 - 3*c**2 - 2*c + 10. Determine m(2).
42
Let l(r) = 2*r + 48. What is l(-22)?
4
Let u(r) = r**2 - 2*r - 2. Determine u(-1).
1
Let a(z) = -z**2 - 8*z + 18. What is a(-10)?
-2
Let l(d) = d**3 + 7*d**2 + 8*d - 5. Give l(-6).
-17
Let w(g) = -g**2 + 15*g - 9. Determine w(13).
17
Let a(v) = v**3 + v**2 - 127. Determine a(0).
-127
Let l(d) = d**2 - 10*d + 30. Calculate l(8).
14
Let v(h) = 16*h - 19. Give v(3).
29
Let p(x) = x**3 - x**2 + x + 2. Determine p(2).
8
Let p(u) = -10*u**2 - 45*u - 16. What is p(-4)?
4
Let m(g) = -g**2 + g + 5. Calculate m(5).
-15
Let j(m) = 3*m + 107. Give j(-35).
2
Let b(i) = -i**2 - 9*i - 7. What is b(-5)?
13
Let q(b) = -3*b - 74. What is q(-23)?
-5
Let m(l) = -l**2 + 12*l + 3. What is m(11)?
14
Let q(o) = 69*o**3 - o**2 + o - 1. What is q(1)?
68
Let u(f) = 30*f**2 + 332*f + 27. What is u(-11)?
5
Let v(u) = 2*u - 38. Determine v(16).
-6
Let a(d) = -2*d - 21. Calculate a(-13).
5
Let g(x) = 2*x**2 + 5*x - 6. Calculate g(3).
27
Let l(h) = h**2 - 3. What is l(7)?
46
Let z(r) = -r**3 - 14*r**2 - 10*r - 7. What is z(-13)?
-46
Let t(l) = -4*l**2 - 105*l + 14. Calculate t(-26).
40
Let k(z) = -4*z - 5. What is k(-5)?
15
Let r(m) = -m**3 - 13*m**2 + 12*m - 46. Calculate r(-14).
-18
Let m(d) = 6*d + 4. What is m(7)?
46
Let g(u) = -23*u - 144. Determine g(-6).
-6
Let k(d) = 6*d - 31. Calculate k(11).
35
Let g(u) = u**3 + 7*u**2 - 8*u - 5. What is g(-6)?
79
Let c(w) = -2*w**2 - 8*w - 15. Determine c(-3).
-9
Let q(w) = -w**3 + 5*w**2 + 9*w - 5. Determine q(7).
-40
Let n(u) = u**3 - 2*u**2 - 3*u + 3. Give n(4).
23
Let c(a) = a**2 + 15*a - 12. Calculate c(-17).
22
Let s(f) = -5*f**3 - 35*f**2 - 3*f - 19. Determine s(-7).
2
Let d(r) = -r**3 - 8*r**2 - 32. What is d(-8)?
-32
Let t(c) = -c**3 + 7*c**2 - 2*c - 6. Calculate t(6).
18
Let l(z) = -z - 7. Give l(-8).
1
Let w(o) = -o**2 + 52*o - 102. Determine w(2).
-2
Let f(v) = 2*v**2 + 31*v - 10. What is f(-15)?
-25
Let c(t) = t**2 + 22*t + 56. Calculate c(-19).
-1
Let d(z) = -2*z**2 - 4*z + 1. Calculate d(3).
-29
Let k(q) = -8*q**2 - 5*q + 3. Calculate k(-3).
-54
Let d(f) = f + 17. What is d(-6)?
11
Let k(h) = h**2 - 8*h + 4. What is k(9)?
13
Let g(q) = q**3 + 2*q**2 - 6*q - 7. Determine g(-2).
5
Let m(p) = -p**3 + 4*p**2 + 3*p + 6. Calculate m(5).
-4
Let h(b) = 19*b - 125. Give h(7).
8
Let s(j) = 13*j + 147. Determine s(-12).
-9
Let m(l) = l**3 - 19*l**2 - 4*l + 9. Calculate m(19).
-67
Let p(i) = 13*i - 124. What is p(9)?
-7
Let l(p) = p**3 - p**2 - 2*p - 10. Give l(0).
-10
Let v(q) = 3*q**2 - q + 2. Determine v(3).
26
Let c(h) = h**2 - 29*h - 30. Determine c(30).
0
Let a(m) = -9*m**3 - m**2 + m + 1. Determine a(-1).
8
Let p(l) = l**3 + 6*l**2 + 3*l - 20. Determine p(-5).
-10
Let q(v) = -v + 6. Calculate q(2).
4
Let n(k) = 3*k + 5. Give n(11).
38
Let o(w) = -7*w - 10. Give o(-5).
25
Let t(u) = u**3 + 11*u**2 - 10*u + 7. Determine t(-12).
-17
Let v(h) = 38*h**3 - h**2 + h + 2. Calculate v(-1).
-38
Let q(i) = i**3 - 9*i**2 + 14*i + 4. What is q(7)?
4
Let q(d) = -d**3 + 7*d**2 - 7*d + 2. What is q(4)?
22
Let j(g) = -g**3 + 16*g**2 - 57*g + 46. What is j(11)?
24
Let b(p) = -8*p - 31. Calculate b(-5).
9
Let r(n) = -n**3 + 3*n**2 - n + 1. Determine r(2).
3
Let p(v) = -v + 27. What is p(21)?
6
Let w(p) = p**2 + 27. Determine w(-5).
52
Let k(u) = u**3 - 13*u**2 - 31*u + 10. Give k(15).
-5
Let l(a) = -a + 25. Give l(16).
9
Let o(r) = 12*r**3 + r**2 - r - 1. What is o(-1)?
-11
Let w(y) = -3*y + 17. Calculate w(4).
5
Let i(x) = -2*x**2 - 7*x - 5. What is i(-5)?
-20
Let h(a) = -2*a - 5. Calculate h(-7).
9
Let j(k) = 3*k**2 + 40*k - 23. What is j(-14)?
5
Let s(z) = -28*z - 4. Determine s(-1).
24
Let f(b) = 4*b**2 - 3*b - 2. Calculate f(-1).
5
Let x(j) = -j**3 - 9*j**2 + 7*j - 3. Calculate x(-10).
27
Let r(w) = -w - 3. Determine r(0).
-3
Let h(f) = -15*f - 13. What is h(0)?
-13
Let o(y) = -y**3 - 5*y**2 + 42*y + 201. Give o(-5).
-9
Let c(v) = v**2 + v - 5. Determine c(5).
25
Let f(h) = -h**2 + 32. What is f(6)?
-4
Let o(v) = v**3 + 8*v**2 + 2*v - 9. Calculate o(-7).
26
Let i(z) = 2*z**3 - 17*z**2 - 13*z + 28. Calculate i(9).
-8
Let k(v) = 3*v**2 + 7*v + 8. Calculate k(-3).
14
Let u(c) = c**2 - 8*c + 24. What is u(10)?
44
Let u(b) = -b**3 - 5*b**2 + 5*b - 9. What is u(-6)?
-3
Let f(c) = -c**3 - 3*c**2 + 88*c. Give f(8).
0
Let a(t) = 13*t - 26. Determine a(2).
0
Let w(h) = 3*h + 63. Determine w(-20).
3
Let v(i) = 3*i**2 + 21*i + 2. What is v(-7)?
2
Let n(x) = 3*x - 12. What is n(10)?
18
Let q(x) = 8*x - 1. Determine q(1).
7
Let g(i) = i**3 - 8*i**2 - 6. Calculate g(8).
-6
Let k(m) = -m - 11. What is k(-18)?
7
Let s(k) = -k**3 + 18*k**2 + 43*k - 47. Give s(20).
13
Let q(z) = -23*z - 1. Give q(1).
-24
Let l(n) = -n**3 + 8*n**2 - n - 3. Give l(8).
-11
Let h(g) = -g - 23. Determine h(-12).
-11
Let i(d) = d**3 + 4*d**2 - 4*d + 9. Give i(-5).
4
Let z(r) = -15*r - 319. Give z(-21).
-4
Let x(d) = 8*d + 112. Give x(-14).
0
Let d(j) = j**3 - 10*j**2 - 8*j + 5. Determine d(10).
-75
Let w(r) = 2*r**2 + 9*r - 7. Give w(-7).
28
Let x(q) = q**3 + 16*q**2 + 30*q + 39. What is x(-14)?
11
Let d(n) = 2*n**3 + 2*n - 3. What is d(0)?
-3
Let v(f) = -7*f**3 - f - 1. Give v(-1).
7
Let v(a) = -14*a - 39. What is v(-5)?
31
Let t(y) = y - 44. Calculate t(13).
-31
Let t(v) = v**3 - 15*v**2 + 7*v - 20. Give t(15).
85
Let y(w) = 4*w**3 + 30*w**2 + 18*w + 19. Give y(-7).
-9
Let k(r) = r - 2. Give k(-2).
-4
Let n(c) = -c**3 - 11*c**2 - 10*c - 10. Determine n(-10).
-10
Let f(n) = n**3 - n**2 - 11. Calculate f(0).
-11
Let x(f) = -52*f + 209. Give x(4).
1
Let l(f) = -2*f + 24. Give l(12).
0
Let m(s) = 6*s - 3. Give m(3).
15
Let b(w) = -w**2 + 8*w. Calculate b(8).
0
Let p(l) = 15*l - 31. Calculate p(3).
14
Let o(v) = v**3 + 8*v**2 + 3*v + 11. What is o(-8)?
-13
Let g(k) = -2*k**3 + 2*k**2 - 2*k + 1. Give g(1).
-1
Let w(g) = 31*g - 19. Calculate w(8).
229
Let y(i) = -9*i + 6. Determine y(1).
-3
Let w(u) = -u**2 + 13*u - 23. Give w(2).
-1
Let l(r) = 9*r**2 + 392*r + 215. Determine l(-43).
0
Let r(b) = b**2 - 23*b + 49. Calculate r(20).
-11
Let c(k) = -2*k**2 + 26*k - 24. Give c(12).
0
Let i(y) = -3*y - 8. What is i(0)?
-8
Let a(p) = 15*p - 10. Give a(1).
5
Let i(s) = 2*s**3 + 21*s**2 + 28*s + 8. Determine i(-9).
-1
Let r(c) = -c**2 + 40. What is r(0)?
40
Let u(z) = -z**3 - 8*z**2 + z - 2. Determine u(-8).
-10
Let w(p) = p**3 - 79*p**2 + 77*p + 81. Determine w(78).
3
Let c(i) = 4*i + 3. Give c(-4).
-13
Let n(w) = -w**2 - 23*w - 187. Calculate n(-12).
-55
Let a(x) = -x**2 - 16*x - 15. Calculate a(-19).
-72
Let t(b) = b**3 - b - 23. What is t(0)?
-23
Let w(y) = -2*y**3 + 55*y**2 + 27*y + 39. Calculate w(28).
11
Let u(j) = -j**3 + j**2 - j - 1. Give u(2).
-7
Let g(h) = -h**2 + 5*h + 26. Determine g(9).
-10
Let l(t) = -t**3 + 20*t**2 + 20*t + 19. What is l(21)?
-2
Let b(l) = -l**2 + l + 11. Calculate b(-5).
-19
Let b(r) = 3*r - 27. Give b(12).
9
Let c(g) = -24*g + 211. Calculate c(9).
-5
Let k(a) = a**3 + a**2 + 12. Determine k(0).
12
Let p(b) = -b**2 + 9*b + 5. What is p(9)?
5
Let h(q) = -q**3 + q**2 + 3*q + 6. Give h(-2).
12
Let t(f) = f**3 + 6*f**2 - 5*f + 16. Give t(-7).
2
Let p(m) = -5*m - 44. Give p(-11).
11
Let q(y) = -y**3 - y**2 + 10. Calculate q(3).
-26
Let a(b) = -5*b**2 + 19*b + 2. Give a(5).
-28
Let q(f) = f**2 + 3*f - 12. Give q(-6).
6
Let v(m) = 28*m + 207. Determine v(-7).
11
Let t(r) = 17*r**3 - 2*r**2 - 2*r - 1. Give t(-1).
-18
Let i(o) = -o**2 - 16*o + 14. Determine i(-10).
74
Let k(t) = 2*t + 22. What is k(-1)?
20
Let o(h) = h**3 + 14*h**2 - 15*h + 6. Give o(-15).
6
Let t(k) = -3*k + 79. What is t(31)?
-14
Let o(d) = -2*d**2 - 5*d + 3. Determine o(-4).
-9
Let r(d) = -d**3 - 9*d**2 + 5*d - 8. Determine r(-9).
-53
Let p(r) = -6*r - 45. Calculate p(9).
-99
Let u(z) = z - 22. What is u(8)?
-14
Let f(y) = -3*y - 106. What is f(-25)?
-31
Let i(d) = -d**2 - 4*d + 87. What is i(7)?
10
Let f(l) = -5*l**2 + 3*l - 4. Calculate f(2).
-18
Let t(n) = n**3 - n**2 + n + 2. Determine t(0).
2
Let f(w) = w**2 + 5*w - 18. What is f(-9)?
18
Let p(a) = -2*a**3 - 3*a**2 - 10*a - 19. Determine p(-2).
5
Let m(i) = -9*i**3 - 14*i**2 - 5*i - 5. What is m(-2)?
21
Let s(g) = 9*g + 5. Determine s(-2).
-13
Let b(d) = -d**3 - 7*d**2 - d - 5. Calculate b(-7).
2
Let r(i) = i**2 + 5. Wh